mon factor of s and 54?
18
Suppose c + 5*h - 8 = 0, -4*c = -c + 4*h - 46. Let o = 312 + c. Let d be 61/2 + (-2)/4. Calculate the highest common divisor of o and d.
30
Let d = -12 - -17. Suppose -d*x + 268 = 33. Suppose -x = -2*k + 5. Calculate the greatest common factor of k and 52.
26
Let p(m) be the first derivative of 2*m**2 + 2. Let y be p(4). Let i(h) = -14*h - 2. Let d be i(-3). What is the greatest common divisor of d and y?
8
Let w(r) = -r + 36. Let n be w(-3). What is the greatest common factor of 3 and n?
3
Suppose -5*o = -3*a - 88, 6*o - 4*o - 32 = 2*a. Calculate the highest common factor of 170 and o.
10
Let w(y) = 2*y**2 - 2*y - 6. Let u be w(-2). Let g(z) = -z**2 + 6*z + 4. Let r be g(u). What is the highest common factor of 10 and r?
2
Let z(m) = 2*m**3 - 13*m**2 + 5*m + 8. Let f be z(6). Suppose -3*x + 20 = x, 0 = 5*r + f*x - 370. What is the greatest common factor of r and 8?
8
Let h = 377 + -375. What is the greatest common divisor of h and 11?
1
Let g be (-3)/(-12) - (-45)/12. Suppose g*x = x. Suppose -5*d + 29 + 11 = x. What is the greatest common divisor of 2 and d?
2
Let a = -90 - -186. Suppose 2*o - o = 12. What is the greatest common divisor of o and a?
12
Suppose -2*g + 2*b + 0*b = -6898, -b - 2 = 0. Suppose 6*o - 117 = g. Calculate the greatest common divisor of 54 and o.
54
Let l(x) = 3*x**3 - 4*x**2 + 2*x - 4. Let k be l(4). Suppose 11*d = 234 + 250. Calculate the greatest common factor of k and d.
44
Let i be -265 + 10/1 + -5. Let x = i - -413. What is the highest common divisor of 17 and x?
17
Suppose 3*b = 11 - 5. Let v be (b - 1)/((-3)/(-9)). Suppose j = -3*j - 12, -v*t + 159 = 2*j. What is the highest common factor of t and 5?
5
Let h be (-2)/9 - (-303)/27. Let f be (0 - -34) + (-1)/1. Calculate the greatest common factor of f and h.
11
Let o = -27 + 18. Let u = -105 - -31. Let f be u/o - (-6)/(-27). Calculate the greatest common divisor of 1 and f.
1
Let o(l) = -l**2 + 31*l + 329. Let n be o(-8). Calculate the highest common factor of n and 544.
17
Let m be (-248)/((-7)/(-14)*-1). Calculate the highest common factor of m and 16.
16
Suppose 376 = 4*y - 4*c, 0*y + 5*c = 4*y - 374. Let m = -2130 - -2142. What is the highest common factor of y and m?
12
Let a be (-459)/(-8 - (-7)/1). Calculate the greatest common divisor of 119 and a.
17
Suppose -3*c - 5*f - 147 = -c, 0 = -c + 4*f - 54. Let n be -1 + (4 - (c - 1)). What is the highest common factor of n and 28?
14
Suppose -106 = 5*p + 44. Let o = 48 + p. Calculate the highest common divisor of 162 and o.
18
Let w = -911 + 1877. Calculate the greatest common divisor of w and 21.
21
Let o = 60 + -120. Suppose -118 - 164 = -3*p. Let s = o + p. Calculate the greatest common divisor of 51 and s.
17
Suppose -300 = -4*b - 5*y, -3*b + 198 = -3*y - 0*y. Suppose 2*x = 5*o - 100, -4*o + 115*x = 119*x - 80. Calculate the greatest common divisor of o and b.
10
Suppose 0 = 3*y + 4*o - 20, -2*y + 29 = 2*y + 3*o. What is the greatest common divisor of y and 8?
8
Suppose 10*c - 702 = c. What is the greatest common factor of 6 and c?
6
Let m be (24/16)/((-3)/(-2)) + 153. Calculate the highest common factor of m and 112.
14
Let q(j) = j**3 + 6*j**2 - 2*j + 2. Let b be (-8)/(-12) - (-20)/6. Let s be q(b). Let z be (-3)/(-6) + 54/4. What is the greatest common divisor of s and z?
14
Let j = -1 + 2. Suppose -3*a = 3*a - 324. Let l be (-1 + 2/6)/((-12)/a). Calculate the greatest common factor of j and l.
1
Let z(c) = -6 - 19*c**2 - 6*c - 2*c**3 + c**3 - 26*c**2 + 41*c**2. Let w be z(-4). What is the greatest common divisor of w and 45?
9
Let y = 236 - 172. What is the greatest common factor of 48 and y?
16
Suppose -2*k + 2*l - 5 = -1, 3*k - 2*l = -8. Let i = 8 + k. Suppose 4*c - i*z - 30 = -2*z, -3*z = 9. Calculate the greatest common divisor of c and 54.
6
Suppose 4*a + 68 = 4*h, -a = -4*h - 3*a + 80. Let v be (-8)/72 - (-860)/45. Calculate the greatest common divisor of h and v.
19
Let q be 0 - -1*(-1 + -1952). Suppose -4*x - a - 220 = -3*a, -2*x = -5*a + 118. Let b be q/x + 2/(-12). Calculate the highest common divisor of b and 4.
4
Let j(o) = o**3 + 15*o**2 - 16*o - 30. Let w be j(-16). Let c = 40 + w. What is the greatest common divisor of 4 and c?
2
Suppose -2*n - 3*c + 781 = 128, -c = -5. Suppose -2*t + 29 = -t. What is the highest common divisor of n and t?
29
Let p = 29 - 20. Let c(s) = -s**3 + 8*s**2 + 2*s + 9. Let h be c(7). What is the highest common factor of p and h?
9
Suppose 0 = 6*c - 11*c + 3*h + 3156, -5*c - 3*h + 3144 = 0. Calculate the greatest common divisor of 90 and c.
90
Suppose -2*o + 18 = 3*w - 5*o, o = -2*w + 3. Let v be 4/(-12) + w/(36/88). What is the greatest common factor of 1 and v?
1
Let q(w) = -w + 2. Let x be q(-7). Suppose 22*a - 356 = 40. What is the highest common factor of x and a?
9
Let p(w) = -w + 16. Let f be p(0). Let i = -12 + 14. Suppose 3*s = 4*b + 120, 6*s - i*s - 5*b = 160. What is the greatest common factor of s and f?
8
Suppose 5*v - 44 - 76 = 5*h, 5*v + 5*h = 120. What is the highest common factor of 744 and v?
24
Suppose 4*r - 3*k = r, -4*r + 5*k = 1. Suppose -w - 18 = -4*w. Suppose -2*y + 12 = -w. Calculate the greatest common factor of y and r.
1
Let w(f) = -f**2 + 13*f - 29. Let d be w(4). Calculate the highest common factor of 119 and d.
7
Let l(t) = 7*t**2 - 33*t + 83. Let z be l(7). Calculate the greatest common factor of 130 and z.
65
Suppose -5*u = -2903 + 1993. Calculate the highest common divisor of u and 210.
14
Suppose 10 = 5*z - 5. Suppose -z*y + 2*y = -19. Calculate the highest common factor of 57 and y.
19
Suppose -20*a = -3491 - 2609. Calculate the highest common divisor of 20 and a.
5
Suppose 2 - 6 = 2*p. Let x be (-2 - -3)/(p/(-6)). Suppose -12 - x = -3*a. What is the highest common factor of a and 20?
5
Let r be 39/(-42) - -1 - 36018/(-252). Calculate the highest common factor of r and 11.
11
Suppose f + 5 = 0, -5*u = -3*u + 5*f - 17. Let q(p) = p**2 + 20*p + 36. Let c be q(-23). Calculate the greatest common divisor of u and c.
21
Let c = -32 + 44. Suppose -3*w = -0*f - f + 36, -3*w = f - c. Let b = 36 - 24. Calculate the highest common divisor of f and b.
12
Let c be 0 + -1 + (-2)/(-2). Suppose 5*f - 2*h - 413 = c, 4*f + h - 304 = -4*h. Let t = -76 + 103. What is the greatest common factor of f and t?
27
Let m be 333/5 + (-10)/(-25). Let l be (-36)/63 - m/(-7). Let d = 45 + l. What is the highest common divisor of d and 36?
18
Let f(l) be the third derivative of l**4/24 - 5*l**3/6 + 2*l**2. Let n be f(4). Let y = n + 67. What is the greatest common factor of y and 6?
6
Let z(y) = -12*y - 700. Let x be z(-62). Calculate the greatest common factor of x and 748.
44
Suppose -2*b - 3*b = -5*p + 30, -24 = -5*p + 2*b. Suppose 0 = 11*y - p*y - 105. What is the highest common factor of y and 3?
3
Let k(j) = -j**3 - 10*j**2 + j - 2. Let o be k(-8). Let r = 11 - -17. Let d be o/(-8) + (-7)/r. What is the highest common factor of 119 and d?
17
Suppose -4*a = -4*o - 448 - 4, -a + 93 = 3*o. What is the greatest common divisor of a and 36?
36
Let g = 229 + -214. What is the greatest common factor of g and 25?
5
Let s = 52 - 8. Suppose 71 = 5*c - 94. Calculate the highest common divisor of s and c.
11
Let d be ((-12)/(-16))/(1/(-16)). Let w be (d/(-14))/(9/63). Let r be ((-2)/w)/(8/(-120)). What is the highest common factor of 45 and r?
5
Let q be 6/(-2) - (8 + -15). Suppose -10 = -t + b, 3*t - 30 = -0*t + q*b. What is the greatest common divisor of 20 and t?
10
Let o be (4/6)/(-2) - 344/(-24). Calculate the highest common divisor of o and 434.
14
Let t(f) = 2*f**3 - 8*f**2 - 4*f - 12. Let m be t(6). Let y be (-8)/(-28) - m/(-14). Calculate the highest common factor of 8 and y.
8
Let w = 9 - 61. Let k = 58 + w. Calculate the greatest common divisor of 6 and k.
6
Let o(h) = -60*h + 8. Let s be o(7). Let q = -181 - s. Suppose -3*l - 31 = 2*d - 86, 67 = 3*l - d. Calculate the greatest common divisor of q and l.
21
Let c(h) = h**2 + 1. Let l be c(3). Let y(k) = -7*k**3 + 2*k**2 + 3*k - 5. Let m be y(2). Let z = m - -57. What is the highest common factor of z and l?
10
Let n be -2 + 1 + 7 - 4/2. Suppose -3*i - 33 = -n*i. Calculate the greatest common factor of 99 and i.
33
Suppose 0 = -2*n - 4*s + 860 - 194, 5*n - 2*s = 1677. Calc